is n(c)?
-18
Let l(j) = 3*j + 6. Suppose 0 = 2*z + c + 11, -2 = 2*c + 8. What is l(z)?
-3
Let w(g) = 0*g**2 - 45 + 46 - 3*g**2 + g + 2*g**2. Give w(3).
-5
Let m be (-1)/(-5) + (-478)/(-10). Suppose 2*p = -2*p + m. Let h(i) = 3*i - p + 0*i - 6*i + 4*i. What is h(0)?
-12
Let s(y) = -56*y**3 - 14*y**2 + 12. Let t(m) = 28*m**3 + 6*m**2 - 5. Let w(l) = 2*s(l) + 5*t(l). Let h be (-16)/12 + (-1)/(-3). What is w(h)?
-27
Let a(n) = -n**3 + 2*n**2 + n - 2. Let r(u) = u**2 - 9*u - 8. Let k be r(10). Suppose 0 = j + k + 1. Let y be 2 + j + 0 + 3. Calculate a(y).
0
Let w be (154/(-88))/(3/(-12)). Let v(s) = -s**3 + 6*s**2 + 5*s + 12. Give v(w).
-2
Let n = 305/138 + -24/23. Let a(m) be the second derivative of 1/12*m**4 + 2*m + 0 - m**2 - n*m**3. Give a(6).
-8
Let i = 281 - 279. Let w(u) = 5*u**3 - 1. Calculate w(i).
39
Let w(r) = 36 - 4*r + 39 - 78 + 0*r. Suppose -8 = 5*k + 4*c, 2*k - 4*c + 7 + 13 = 0. Give w(k).
13
Let x be (6/15)/((-5)/(-200)*-2). Let v(o) = -o**2 - 7*o + 9. Calculate v(x).
1
Let c(a) = -a - 4. Let r be ((-3)/6)/((-2)/(-264)). Let k = r + 64. Give c(k).
-2
Let t(z) = 3*z + 18. Let g be t(-5). Let v(y) = -y**2 + 1 - 2 + y + 3*y. Determine v(g).
2
Let b(u) = -37*u**3 - u**2 + 28*u - 6. Let r(g) = 17*g**3 - 13*g + 3. Let s(n) = 6*b(n) + 13*r(n). Determine s(-3).
-21
Let u be 2/9 + (-44)/36. Let n(a) = -a + 1. Let w(x) = 2*x**2 - 4. Let v(b) = u*w(b) - 6*n(b). What is v(4)?
-10
Let j(z) = 4*z**2 - 7*z**3 + z + 3 - 2*z**2 - 3*z**3 + 7 + 9*z**3. Calculate j(3).
4
Let v(p) = p**2 - p - 7. Suppose 16*t + 36 = 4*t. Give v(t).
5
Suppose -4*f + 4*o - 7 + 3 = 0, 0 = 5*f + 2*o - 9. Let a be (2 + 4/(-2))*f. Let y(r) = -5*r + 2 - 1 + a. Calculate y(1).
-4
Let v(k) = 5*k + 14. Let g(s) = 12*s + 28. Let y(u) = -2*g(u) + 5*v(u). Determine y(-7).
7
Let g(t) = -t**2 - 3*t + 1. Let i = -19 - -23. Suppose 0*x - 12 = i*y + 3*x, y = 3*x - 3. Give g(y).
1
Let o(z) = 2*z**3 + 2*z**2 - z - 1. Suppose w = 2*p - 3*w + 64, -w - 164 = 4*p. Let f = p - -38. Determine o(f).
-7
Let i(n) = -n + 1. Suppose -c + z = 4*c - 145, 140 = 5*c - 2*z. Let q be (31 - c)/((-2)/(-14)). Give i(q).
-6
Suppose 0 = 6*y + 5*y - 110. Let g(j) = -8*j**2 + 16*j. Let a(m) = 7*m**2 - 15*m - 1. Let c(i) = -7*a(i) - 6*g(i). Calculate c(y).
-3
Let a(n) = n**3 - n**2 + n - 1. Let s be a(1). Suppose 3*j = 15, s = -3*q + j - 2*j + 32. Suppose -q = 2*y - 3. Let l(r) = 4*r - 3. Calculate l(y).
-15
Let b = 36 + -27. Suppose -5*r - 20 = -b*r. Suppose 5*p = r*i + 5, 2*p - 2*i + 10 = -4*i. Let o(y) = 2*y**3 + 2*y**2 + 1. Determine o(p).
-7
Suppose -3*s + 2*x - 38 = 0, 3*x + 20 = -3*s - 13. Let q be 9 + 2*s/8. Let o(y) = -2*y**2 + y**3 - 3*y**2 + 0*y**3 - 6*y + 0*y**3 - 8. Determine o(q).
-8
Let i(q) = -q**2 - 8*q - 1. Suppose 51*t = 37*t - 98. Calculate i(t).
6
Let a(f) = f**2 + 6*f + 3. Let m be a(-4). Let k(r) be the second derivative of r**3/6 - r**2/2 - 5*r - 6. What is k(m)?
-6
Let n(b) = -4 + b - 12 + 5 + 7. What is n(-12)?
-16
Let m(x) = 2*x - 16. Suppose 0 = w - 14 + 6. Give m(w).
0
Suppose 4*r + 25 = -10*j + 5*j, 4*r = 3*j - 17. Let m(b) = b**3 + b**2 + 3*b + 2. Give m(j).
-1
Suppose 3*i = 3*r + 18, 4*i + 3*r - 4 = 2*r. Let z(g) = 2*g - 19*g**2 - 24*g**2 - g + 44*g**i - 9. Determine z(0).
-9
Let b(x) = x**3 - 8*x**2 - 7*x - 13. Suppose 0*h + 5*h - 45 = 0. Let v be b(h). Let s(m) = -m + 7 - v - 5. Calculate s(-2).
-1
Let h(l) = -l**3 - 5*l**2 - 7*l - 4. Suppose 3*z - 20 = 10. Let b(p) = p**3 - 10*p**2 - 4. Let f be b(z). Give h(f).
8
Let w(r) be the third derivative of -3*r**6/40 - r**5/60 + r**2. Let v(o) = -6*o - 31. Let k be v(-14). Suppose 4 = k*i - 57*i. Determine w(i).
8
Let n(k) = -86*k - 92*k + 185*k - 5. What is n(6)?
37
Suppose 2*g + 4*t + 50 = 0, 15 = -g - 6*t + 2*t. Let i = g - -37. Let j(x) = -2*x**3 + 2*x + 1. Calculate j(i).
-11
Suppose -17 = 3*g - 26. Let h(z) = z**3 - 3*z**2 - 4*z + 7. Determine h(g).
-5
Let h(n) = n**2 - n + 5. Let g = 146 - 146. Determine h(g).
5
Let u(k) = -k**2 + 6*k - 7. Suppose 49*v - 43*v - 36 = 0. Calculate u(v).
-7
Let n(y) = 3*y + 750. Let j be n(0). Let i(p) = -15*p**2 + 749 - j + 2*p**2. Give i(-1).
-14
Let m(o) = 2*o + 1. Let s(u) = 2*u + 2. Let d be 4/(1 - 6/(-18)). Let a(l) = d*m(l) - 2*s(l). Determine a(2).
3
Suppose q + 4 = -4*c, -2*c + 4*q = 7*q + 12. Suppose w - 3 + 1 = c. Let x(a) = -3*a + 10 + 8 - 15 - w*a**2. What is x(-3)?
-6
Suppose -45*g = -77 - 328. Let m(h) = -6*h + 57. What is m(g)?
3
Let m = -16 + -3. Let j = -20 - m. Let k(b) = 1 + b**2 + b - 2 + 2 + b**3. Calculate k(j).
0
Suppose 2*a - 3*i = -7*i, 5*a = 3*i + 26. Let f = -205 + 243. Let s(c) = -41*c**2 + 4*c**3 - 4*c - 1 + f*c**2 - 3*c**3. Determine s(a).
-1
Suppose 0 = y + 10*y - 66. Suppose 0 = y*p - 59 + 23. Let b(s) = -s**3 + 6*s**2 - 3*s + 9. Determine b(p).
-9
Let i(d) = d**3 + 6*d**2 + 7*d + 6. Suppose -26*t = -27*t - 5. Determine i(t).
-4
Let x be (2 - (-4 - -5)) + (-1 - -1). Let h(b) = -12 + 1 - b + x. What is h(-7)?
-3
Let k(l) = 7*l**2 + 7*l + 3. Let x(f) = -8*f**2 - 8*f - 4. Let g = -130 + 188. Let s be 7/28 - g/8. Let i(r) = s*k(r) - 6*x(r). What is i(3)?
-9
Let p = 44 + -42. Let m(v) = 53*v**p + 3*v - 54*v**2 - 7 - 9*v. Let y(g) = -g**2 - 11*g - 5. Let t be y(-11). What is m(t)?
-2
Let k(y) = 2*y**2 + 45*y + 26. Let q be k(-22). Let z be (0 + 4)/(1 - 0). Suppose 0*x + z*x - q = 0. Let h(v) = -v. What is h(x)?
-1
Suppose 4*d = 4*c, -3*c - 8 = 3*d + 2*d. Let m = -1 + 4. Let o(l) = 1 + 2 + 7*l**2 - 1 - m. Calculate o(d).
6
Let l(k) = -3*k**2 - k. Let b(d) = d**3 - 14*d**2 - 4*d + 7. Let a(y) = b(y) - 3*l(y). Suppose 2*j - 5 = -z, 3*j + 2*z + z = 0. Give a(j).
2
Let b(a) = a - 6. Let t(m) = -7. Let h(k) = -5*b(k) + 4*t(k). Calculate h(1).
-3
Let z(d) = -d**3 + 4*d**2 - 2*d - 1. Let f be (9/(-6))/((-2)/(-4)). Let y be (f/1 - -1)*-2. Suppose -y*h = 2*h - 24. What is z(h)?
-9
Suppose -2*t = 9*t - 33. Let d(n) = n**t + 6*n**2 + 4 + 0*n - 5 + 4*n. What is d(-5)?
4
Let a(v) be the second derivative of v**4/12 - 5*v**3/2 - 7*v**2/2 + 230*v. Determine a(14).
-21
Let i(a) = 5*a**2 - 4*a - 9. Let o(c) = -11*c**2 + 9*c + 19. Let r(j) = 9*i(j) + 4*o(j). Let n(h) be the first derivative of r(h). Calculate n(2).
4
Let n(p) = p**3 + 2*p**2 - 2*p - 2. Let r be n(-2). Let k(f) be the first derivative of 0*f - 12 - 7/2*f**2. Calculate k(r).
-14
Let f(i) be the first derivative of 2*i**2 + 7*i - 24. What is f(-2)?
-1
Suppose -24*x + 10*x = -2002. Let u(k) = -293*k**2 + k + x*k**2 + 6 + 151*k**2. Suppose 5*c = 5*w + 25, -2*c + 5*w = -4*c - 25. Give u(c).
6
Suppose 1 - 3 = x. Let f(v) = -4*v**3 - 2*v**2 - v + 33. Let i(l) = -9*l**3 - 5*l**2 - 3*l + 77. Let h(a) = -7*f(a) + 3*i(a). Calculate h(x).
-8
Let u(c) = 28 - 4*c + 0*c + 14 + 9 - 16. Determine u(9).
-1
Let v(y) = -12 + 3*y**3 + 0*y**2 - 3*y + 2*y**2 + y**2 + 0 + 11. Calculate v(-3).
-46
Let p(f) be the second derivative of -1/2*f**2 + 2*f - 1/6*f**3 + 0. Let k(s) = s + 3. Let n(m) = -k(m) - 2*p(m). Give n(1).
0
Let x = 2 - 1. Let a = x - 3. Let r(g) be the first derivative of -3*g**2/2 + 2*g - 13. Calculate r(a).
8
Suppose -5*r = -20, -2*r + 3 = 3*t + 2*t. Let z(i) = 5*i**3 - 3*i**2 - 4*i - 2. Give z(t).
-6
Let o(u) be the second derivative of 0*u**2 - 6*u + 1/8*u**4 + 0 + 7/6*u**3 - 1/120*u**5. Let p(a) be the second derivative of o(a). Calculate p(-4).
7
Suppose -3*i - 53 = 31. Let x be 6/(-4) - (-14)/i. Let l(r) = 0*r + r**2 + 5*r - 3*r. Determine l(x).
0
Let d(x) = 2*x**3 + 16*x**2 + 13*x - 6. Let a be d(-7). Let b(l) be the second derivative of 1/2*l**2 + 0 - 2*l - 1/6*l**3 + 1/4*l**5 + 1/12*l**4. What is b(a)?
6
Let v(r) = 10*r + 17. Let t(k) = 6*k + 9. Let i(h) = 7*t(h) - 4*v(h). Calculate i(5).
5
Let u(i) = -2*i + 3. Let g = 9 - 6. Let c(j) = -7*j - g*j + 9*j. Let w(l) = 4*c(l) - u(l). Determine w(-6).
9
Let h(p) = -p**3 - 2*p**2 + 6*p + 3. Suppose 18*m - 19*m + 7 = 0. Let i(f) = f**2 - 9*f + 10. Let z be i(m). What is h(z)?
11
Let o(s) = 8*s**2 - 6*s**3 + 7*s**3 + 63*s - 60*s. Give o(-8).
-24
Let g(j) = -13 - 11*j + 2 + 4*j. What is g(-3)?
10
Suppose o = k + 6*o - 20, 3*k - 2*o + 25 = 0. Let y(r) = -2*r + 2*r**2 + 2 + 2 + 2 - 3*r**2. Give y(k).
-9
Let i be (-80)/(-45) - 2/(-9). Let h(u) = -2 - i*u - 7*u + 6*u - 1. Determine h(-2).
3
Let q(v) = v**2 + 7*v - 1. Let s(i) = -23*i - 3*i**2 + 8 - 2*i**2 - 13*i - 2. Let j(m) = -11*